58 is divided by 33958?
68
What is the remainder when 34495 is divided by 13?
6
Calculate the remainder when 49903393 is divided by 3415.
3413
Calculate the remainder when 1905394 is divided by 86583.
568
What is the remainder when 547572 is divided by 91259?
18
Calculate the remainder when 5361477 is divided by 1340339.
121
What is the remainder when 13736423 is divided by 6868209?
5
What is the remainder when 2838153 is divided by 97867?
10
Calculate the remainder when 10868337 is divided by 3622751.
84
What is the remainder when 210972 is divided by 4785?
432
What is the remainder when 879726 is divided by 879672?
54
Calculate the remainder when 157319 is divided by 585.
539
What is the remainder when 714141 is divided by 478?
9
What is the remainder when 701595 is divided by 87679?
163
Calculate the remainder when 546473 is divided by 315.
263
Calculate the remainder when 10001992 is divided by 89.
83
What is the remainder when 179918 is divided by 1477?
1201
Calculate the remainder when 1177033 is divided by 2.
1
What is the remainder when 108690 is divided by 1647?
1635
What is the remainder when 355269 is divided by 401?
384
Calculate the remainder when 163454 is divided by 592.
62
What is the remainder when 24358296 is divided by 95?
11
Calculate the remainder when 4276117 is divided by 1425370.
7
What is the remainder when 2633282 is divided by 1316641?
0
Calculate the remainder when 2340793 is divided by 468158.
3
What is the remainder when 56651940 is divided by 24?
12
What is the remainder when 23832529 is divided by 496511?
1
What is the remainder when 1703155 is divided by 170?
95
What is the remainder when 153307519 is divided by 1233?
1231
What is the remainder when 11293126 is divided by 264?
262
Calculate the remainder when 2109762 is divided by 702886.
1104
Calculate the remainder when 10096188 is divided by 42780.
108
Calculate the remainder when 584281 is divided by 147.
103
What is the remainder when 2854259 is divided by 51894?
89
Calculate the remainder when 8027287 is divided by 156.
151
Calculate the remainder when 8004336 is divided by 463.
455
Calculate the remainder when 876637 is divided by 263.
58
What is the remainder when 8268044 is divided by 5794?
6
Calculate the remainder when 5005036 is divided by 201.
136
What is the remainder when 35180 is divided by 3058?
1542
Calculate the remainder when 825098 is divided by 33003.
23
Calculate the remainder when 78665513 is divided by 3610.
3
What is the remainder when 21679651 is divided by 164?
163
What is the remainder when 34565292 is divided by 17282598?
96
What is the remainder when 31086 is divided by 424?
134
What is the remainder when 965293 is divided by 200?
93
What is the remainder when 1522169 is divided by 760965?
239
What is the remainder when 13043 is divided by 3025?
943
Calculate the remainder when 9924390 is divided by 625.
15
Calculate the remainder when 8448305 is divided by 9.
5
Calculate the remainder when 16233617 is divided by 954918.
11
What is the remainder when 4810386 is divided by 68?
66
What is the remainder when 294086 is divided by 554?
466
Calculate the remainder when 160426 is divided by 60.
46
Calculate the remainder when 213234 is divided by 30326.
952
Calculate the remainder when 57681 is divided by 5429.
3391
What is the remainder when 1319676 is divided by 15810?
7446
What is the remainder when 95207 is divided by 4683?
1547
Calculate the remainder when 370370 is divided by 185169.
32
What is the remainder when 486327 is divided by 242975?
377
Calculate the remainder when 81038997 is divided by 420.
417
Calculate the remainder when 112001 is divided by 22253.
736
What is the remainder when 177492 is divided by 1479?
12
Calculate the remainder when 825243 is divided by 5290.
3
Calculate the remainder when 564838 is divided by 112878.
448
Calculate the remainder when 60575 is divided by 51.
38
Calculate the remainder when 29223809 is divided by 6663.
6554
Calculate the remainder when 75657 is divided by 2257.
1176
What is the remainder when 3090008 is divided by 772501?
4
What is the remainder when 11353440 is divided by 3784478?
6
Calculate the remainder when 3188210 is divided by 531360.
50
Calculate the remainder when 5972014 is divided by 663557.
1
What is the remainder when 4970778 is divided by 95?
93
What is the remainder when 2771963 is divided by 268?
39
What is the remainder when 56714050 is divided by 616457?
6
Calculate the remainder when 420429 is divided by 6569.
13
Calculate the remainder when 209672 is divided by 16125.
47
What is the remainder when 5400734 is divided by 1308?
2
Calculate the remainder when 3323517 is divided by 85.
17
What is the remainder when 37078 is divided by 4473?
1294
Calculate the remainder when 25185 is divided by 1663.
240
Calculate the remainder when 23870166 is divided by 8200.
8166
What is the remainder when 268296 is divided by 134035?
226
Calculate the remainder when 973361 is divided by 8661.
3329
Calculate the remainder when 52017068 is divided by 155.
153
What is the remainder when 85033 is divided by 21221?
149
What is the remainder when 74392887 is divided by 6928?
23
What is the remainder when 16367728 is divided by 16367721?
7
Calculate the remainder when 309601 is divided by 44082.
1027
Calculate the remainder when 238810028 is divided by 79603339.
11
Calculate the remainder when 36674394 is divided by 8521.
10
What is the remainder when 2953616 is divided by 1476363?
890
What is the remainder when 1132694 is divided by 6025?
6019
What is the remainder when 547011 is divided by 182330?
21
Calculate the remainder when 161620501 is divided by 349.
346
Calculate the remainder when 85205 is divided by 839.
466
Calculate the remainder when 564765 is divided by 35289.
141
Calculate the remainder when 50985 is divided by 77.
11
Calculate the remainder when 11989971 is divided by 92.
71
Calculate the remainder when 146414 is divided by 146259.
155
What is the remainder when 130278195 is divided by 445?
440
What is the remainder when 80620637 is divided by 46?
25
Calculate the remainder when 11886 is divided by 622.
68
Calculate the remainder when 396696 is divided by 593.
572
Calculate the remainder when 9984485 is divided by 3328157.
14
What is the remainder when 18007 is divided by 60?
7
What is the remainder when 24388645 is divided by 195?
190
Calculate the remainder when 8233940 is divided by 4116949.
42
Calculate the remainder when 31964891 is divided by 544.
539
Calculate the remainder when 325825 is divided by 162911.
3
What is the remainder when 6133454 is divided by 1533352?
46
Calculate the remainder when 46109 is divided by 5979.
4256
Calculate the remainder when 2212005 is divided by 1195.
60
What is the remainder when 35320266 is divided by 5045751?
9
What is the remainder when 2928887 is divided by 474?
41
Calculate the remainder when 61720245 is divided by 13.
2
What is the remainder when 136984 is divided by 68421?
142
Calculate the remainder when 8590538 is divided by 28.
26
What is the remainder when 421146 is divided by 127?
14
What is the remainder when 88954 is divided by 12521?
1307
What is the remainder when 918934 is divided by 41755?
324
Calculate the remainder when 261314 is divided by 199.
27
Calculate the remainder when 1527193 is divided by 7713.
19
Calculate the remainder when 18220162 is divided by 2036.
2034
Calculate the remainder when 7613 is divided by 6724.
889
Calculate the remainder when 39973321 is divided by 13289.
9
Calculate the remainder when 1289554 is divided by 107462.
10
What is the remainder when 25342841 is divided by 127?
118
Calculate the remainder when 1692274 is divided by 122.
12
What is the remainder when 85055 is divided by 26159?
6578
What is the remainder when 2844020 is divided by 189591?
155
What is the remainder when 777771 is divided by 660?
291
What is the remainder when 4758742 is divided by 99?
10
What is the remainder when 837943 is divided by 802?
655
What is the remainder when 25943 is divided by 3704?
15
Calculate the remainder when 8693 is divided by 419.
313
What is the remainder when 3572205 is divided by 151?
149
What is the remainder when 2506320 is divided by 1499?
1491
Calculate the remainder when 14752